ands digit of 2941886?
4
What is the hundred thousands digit of 504491319?
4
What is the hundreds digit of 564526481?
4
What is the hundred thousands digit of 3716714042?
7
What is the hundred millions digit of 273100547?
2
What is the tens digit of 64867810?
1
What is the millions digit of 1907346860?
7
What is the billions digit of 3239174165?
3
What is the billions digit of 2511319778?
2
What is the tens digit of 24210848?
4
What is the thousands digit of 790041204?
1
What is the hundreds digit of 1281314054?
0
What is the millions digit of 319672191?
9
What is the hundred millions digit of 130028023?
1
What is the tens digit of 325238308?
0
What is the tens digit of 46773645?
4
What is the ten thousands digit of 52813169?
1
What is the millions digit of 480863464?
0
What is the ten thousands digit of 44576563?
7
What is the hundred millions digit of 2470399601?
4
What is the millions digit of 1168405263?
8
What is the tens digit of 71323290?
9
What is the thousands digit of 45249196?
9
What is the ten thousands digit of 12029225?
2
What is the units digit of 2903539242?
2
What is the ten millions digit of 29207109?
2
What is the units digit of 606731458?
8
What is the hundreds digit of 2565500474?
4
What is the ten millions digit of 70986354?
7
What is the tens digit of 218335679?
7
What is the hundreds digit of 612049677?
6
What is the billions digit of 2222363461?
2
What is the tens digit of 534404060?
6
What is the units digit of 1428032287?
7
What is the millions digit of 1029928434?
9
What is the ten millions digit of 5933789688?
3
What is the units digit of 4234152066?
6
What is the ten thousands digit of 831200705?
0
What is the tens digit of 1084156706?
0
What is the hundred millions digit of 807927392?
8
What is the hundreds digit of 5227368171?
1
What is the hundred thousands digit of 262468080?
4
What is the thousands digit of 1652196898?
6
What is the units digit of 626200151?
1
What is the tens digit of 1691177200?
0
What is the hundred millions digit of 139623756?
1
What is the thousands digit of 1658539834?
9
What is the billions digit of 1734652837?
1
What is the ten millions digit of 568275538?
6
What is the ten thousands digit of 919138746?
3
What is the hundreds digit of 326893130?
1
What is the tens digit of 160342363?
6
What is the ten thousands digit of 53260283?
6
What is the hundred thousands digit of 55960011?
9
What is the units digit of 98100157?
7
What is the ten thousands digit of 93770216?
7
What is the ten thousands digit of 2102591105?
9
What is the hundreds digit of 74421401?
4
What is the units digit of 91129555?
5
What is the tens digit of 606241138?
3
What is the hundred millions digit of 1834201984?
8
What is the units digit of 1146348035?
5
What is the hundred millions digit of 2115268652?
1
What is the ten thousands digit of 459347746?
4
What is the millions digit of 521724810?
1
What is the units digit of 112174343?
3
What is the millions digit of 17349523?
7
What is the units digit of 38050228?
8
What is the millions digit of 14098185?
4
What is the hundred millions digit of 1151920712?
1
What is the ten thousands digit of 991000?
9
What is the hundreds digit of 1719502612?
6
What is the hundred thousands digit of 292322949?
3
What is the units digit of 86696446?
6
What is the hundred thousands digit of 32603874?
6
What is the ten thousands digit of 24637238?
3
What is the hundreds digit of 230273508?
5
What is the millions digit of 120640820?
0
What is the hundreds digit of 118026805?
8
What is the thousands digit of 35520206?
0
What is the hundred thousands digit of 317930980?
9
What is the hundred millions digit of 1448019638?
4
What is the hundreds digit of 1383593015?
0
What is the hundreds digit of 84712159?
1
What is the ten thousands digit of 25003640?
0
What is the hundreds digit of 38994223?
2
What is the thousands digit of 234547868?
7
What is the ten thousands digit of 344908008?
0
What is the thousands digit of 3164473086?
3
What is the millions digit of 64916237?
4
What is the hundreds digit of 6297967785?
7
What is the ten millions digit of 786384988?
8
What is the hundreds digit of 14625883?
8
What is the billions digit of 1401577279?
1
What is the tens digit of 95851257?
5
What is the tens digit of 46046088?
8
What is the thousands digit of 72801640?
1
What is the ten millions digit of 111217829?
1
What is the tens digit of 50803233?
3
What is the hundred thousands digit of 33208204?
2
What is the hundred thousands digit of 230466943?
4
What is the hundred thousands digit of 48856711?
8
What is the hundreds digit of 138096343?
3
What is the millions digit of 120185758?
0
What is the hundred thousands digit of 257689728?
6
What is the billions digit of 2150164441?
2
What is the ten thousands digit of 27824814?
2
What is the units digit of 81930152?
2
What is the tens digit of 29448518?
1
What is the units digit of 6276307?
7
What is the ten millions digit of 5483859181?
8
What is the ten millions digit of 86213722?
8
What is the hundred thousands digit of 757903101?
9
What is the ten millions digit of 2174764440?
7
What is the millions digit of 3111369858?
1
What is the ten millions digit of 62897935?
6
What is the thousands digit of 20995221?
5
What is the ten millions digit of 36980431?
3
What is the hundreds digit of 407880284?
2
What is the units digit of 5875369500?
0
What is the thousands digit of 483759?
3
What is the hundreds digit of 346286267?
2
What is the tens digit of 4879414130?
3
What is the thousands digit of 75985443?
5
What is the thousands digit of 259538427?
8
What is the hundred millions digit of 2505537923?
5
What is the hundred millions digit of 247386831?
2
What is the hundred thousands digit of 44205837?
2
What is the ten millions digit of 121550957?
2
What is the hundred thousands digit of 8875795?
8
What is the millions digit of 9948654?
9
What is the hundred thousands digit of 2551423503?
4
What is the hundred millions digit of 5443236959?
4
What is the hundred millions digit of 277846817?
2
What is the units digit of 3787730551?
1
What is the hundreds digit of 466308932?
9
What is the thousands digit of 53063672?
3
What is the thousands digit of 12807428?
7
What is the units digit of 2129399?
9
What is the ten thousands digit of 262943872?
4
What is the hundreds digit of 15605620?
6
What is the billions digit of 5034636285?
5
What is the tens digit of 1058237732?
3
What is the thousands digit of 2674024104?
4
What is the thousands digit of 2054408767?
8
What is the units digit of 118057422?
2
What is the units digit of 250533832?
2
What is the hundreds digit of 315542145?
1
What is the millions digit of 862990319?
2
What is the hundreds digit of 337289842?
8
What is the units digit of 121485756?
6
What is the hundreds digit of 471538228?
2
What is the ten thousands digit of 39316789?
1
What is the hundreds digit of 416381836?
8
What is the units digit of 13198182?
2
What is the hundreds digit of 173644097?
0
What is the units digit of 1221860?
0
What is the hundreds digit of 1153262112?
1
What is the ten thousands digit of 7104714?
0
What is the ten thousands digit of 11018599?
1
What is the ten millions digit of 486632742?
8
What is the units digit of 1258223917?
7
What is the millions digit of 1233973113?
3
What is the ten millions digit of 436536084?
3
What is the ten thousands digit of 59674607?
7
What is the units digit of 2768573731?
1
What is the thousands digit of 19893194?
3
What is the hundred millions digit of 486311820?
4
What is the hundreds digit of 111282843?
8
What is the hundreds digit of 2749082408?
4
What is the millions digit of 21087509?
1
What is the ten millions digit of 36433854?
3
What is the units digit of 9720780?
0
What is the hundreds digit of 84504474?
4
What is the millions digit of 392728377?
2
What is the hundreds digit of 88932906?
9
What is the millions digit of 15326749?
5
What is the thousands digit of 91154972?
4
What is the ten millions digit of 356746729?
5
What is the hundred thousands digit of 40561521?
5
What is the ten millions digit of 3352494350?
5
What is the tens digit of 2850441098?
9
What is the ten thousands digit of 1012594681?
9
What is the thousands digit of 12143619?
3
What is the tens digit of 8